{"id":8833,"date":"2013-11-18T17:29:24","date_gmt":"2013-11-18T17:29:24","guid":{"rendered":"http:\/\/www.bijus.eu\/?page_id=8833"},"modified":"2013-11-18T17:29:24","modified_gmt":"2013-11-18T17:29:24","slug":"impressum","status":"publish","type":"page","link":"https:\/\/www.bijus.eu\/?page_id=8833","title":{"rendered":"Impressum"},"content":{"rendered":"<p>BIJUS.<\/p>\n<p>bijus.eu ist ein Service vom Lehrstuhl f\u00fcr Franz\u00f6sisches \u00d6ffentliches Recht der Universit\u00e4t des Saarlandes.<\/p>\n<p style=\"text-align: justify\" align=\"right\">Universit\u00e4t des Saarlandes &#8211; Campus A5.4 &#8211; D \u2013 66123 Saarbr\u00fccken &#8211; DEUTSCHLAND<\/p>\n<p style=\"text-align: justify\" align=\"right\">redaction@revuegeneraledudroit.eu<\/p>\n<p style=\"text-align: justify\" align=\"right\">T: +49 (0) 681 302-2185<\/p>\n<p style=\"text-align: justify\">F: +49 (0) 681 302-4668<\/p>\n<p style=\"text-align: justify\">Verantwortlicher: Philippe Cossalter<\/p>\n","protected":false},"excerpt":{"rendered":"<p>BIJUS. bijus.eu ist ein Service vom Lehrstuhl f\u00fcr Franz\u00f6sisches \u00d6ffentliches Recht der Universit\u00e4t des Saarlandes. Universit\u00e4t des Saarlandes &#8211; Campus A5.4 &#8211; D \u2013 66123 Saarbr\u00fccken &#8211; DEUTSCHLAND redaction@revuegeneraledudroit.eu T: +49 (0) 681 302-2185 F: +49 (0) 681 302-4668 Verantwortlicher: Philippe Cossalter<\/p>\n","protected":false},"author":135,"featured_media":0,"parent":0,"menu_order":10,"comment_status":"open","ping_status":"open","template":"","meta":{"_et_pb_use_builder":"","_et_pb_old_content":"","footnotes":""},"class_list":["post-8833","page","type-page","status-publish","hentry"],"_links":{"self":[{"href":"https:\/\/www.bijus.eu\/index.php?rest_route=\/wp\/v2\/pages\/8833","targetHints":{"allow":["GET"]}}],"collection":[{"href":"https:\/\/www.bijus.eu\/index.php?rest_route=\/wp\/v2\/pages"}],"about":[{"href":"https:\/\/www.bijus.eu\/index.php?rest_route=\/wp\/v2\/types\/page"}],"author":[{"embeddable":true,"href":"https:\/\/www.bijus.eu\/index.php?rest_route=\/wp\/v2\/users\/135"}],"replies":[{"embeddable":true,"href":"https:\/\/www.bijus.eu\/index.php?rest_route=%2Fwp%2Fv2%2Fcomments&post=8833"}],"version-history":[{"count":0,"href":"https:\/\/www.bijus.eu\/index.php?rest_route=\/wp\/v2\/pages\/8833\/revisions"}],"wp:attachment":[{"href":"https:\/\/www.bijus.eu\/index.php?rest_route=%2Fwp%2Fv2%2Fmedia&parent=8833"}],"curies":[{"name":"wp","href":"https:\/\/api.w.org\/{rel}","templated":true}]}}