{"id":8408,"date":"2013-11-18T17:20:34","date_gmt":"2012-10-14T12:40:53","guid":{"rendered":"http:\/\/www.bijus.eu\/?page_id=8408"},"modified":"2012-10-14T13:19:07","modified_gmt":"2012-10-14T13:19:07","slug":"prix-bijus-2012","status":"publish","type":"page","link":"https:\/\/www.bijus.eu\/?page_id=8408","title":{"rendered":"Prix BIJUS 2012"},"content":{"rendered":"<p style=\"text-align: justify;\">Le 11 octobre 2012 \u00e0 l&rsquo;Universit\u00e9 de la Sarre a \u00e9t\u00e9 d\u00e9livr\u00e9 le premi\u00e8re prix de th\u00e8se BIJUS.<\/p>\n<div id=\"attachment_8421\" style=\"width: 410px\" class=\"wp-caption alignnone\"><a href=\"http:\/\/www.bijus.eu\/files\/remise_prixbijus2012_2.jpg\"><img loading=\"lazy\" decoding=\"async\" aria-describedby=\"caption-attachment-8421\" class=\"size-full wp-image-8421 \" title=\"remise_prixbijus2012_2\" src=\"http:\/\/www.bijus.eu\/files\/remise_prixbijus2012_2.jpg\" alt=\"Prix de Th\u00e8se BIJUS 2012\" width=\"400\" height=\"267\" srcset=\"https:\/\/www.bijus.eu\/files\/remise_prixbijus2012_2.jpg 400w, https:\/\/www.bijus.eu\/files\/remise_prixbijus2012_2-300x200.jpg 300w\" sizes=\"auto, (max-width: 400px) 100vw, 400px\" \/><\/a><p id=\"caption-attachment-8421\" class=\"wp-caption-text\">Le professeur Christoph Gr\u00f6pl remet le Prix de Th\u00e8se BIJUS 2012 \u00e0 Mesdames Aurore Gaillet et Anne Gauch\u00e9<\/p><\/div>\n<p style=\"text-align: justify;\">Le 1er prix a \u00e9t\u00e9 attribu\u00e9 \u00e0 deux laur\u00e9ates :<\/p>\n<p style=\"text-align: justify;\"><strong><a href=\"http:\/\/www.bijus.eu\/files\/avatar_gaillet.jpg\"><img loading=\"lazy\" decoding=\"async\" class=\"size-thumbnail wp-image-8411 alignnone\" title=\"avatar_gaillet\" src=\"http:\/\/www.bijus.eu\/files\/avatar_gaillet-120x120.jpg\" alt=\"\" width=\"120\" height=\"120\" \/><\/a>Madame Aurore GAILLET pour sa th\u00e8se sur : \u00ab\u00a0L\u2019individu contre l\u2019\u00c9tat. Essai sur l\u2019\u00e9volution des recours de droit public dans l\u2019Allemagne du 19\u00e8me si\u00e8cle\u00a0\u00bb<\/strong><\/p>\n<p style=\"text-align: justify;\"><strong><a href=\"http:\/\/www.bijus.eu\/files\/avatar_gauche.jpg\"><img loading=\"lazy\" decoding=\"async\" class=\"size-thumbnail wp-image-8412 alignnone\" title=\"avatar_gauche\" src=\"http:\/\/www.bijus.eu\/files\/avatar_gauche-120x120.jpg\" alt=\"\" width=\"120\" height=\"120\" \/><\/a>Madame Anne JACQUEMET-GAUCHE pour sa th\u00e8se intitul\u00e9e : \u00a0\u00ab\u00a0La responsabilit\u00e9 de la puissance publique en France et en Allemagne. \u00c9tude de droit compar\u00e9\u00a0\u00bb<\/strong><\/p>\n<p style=\"text-align: justify;\">Voici le discours prononc\u00e9 par Monsieur le Professeur Christoph GR\u00d6PL, pr\u00e9sident du jury :<\/p>\n<p style=\"text-align: justify;\">Chers coll\u00e8gues, \u00a0Mesdames, Messieurs,<\/p>\n<p style=\"text-align: justify;\">Le prix de th\u00e8se BIJUS a \u00e9t\u00e9 cr\u00e9\u00e9 par le Centre juridique franco-allemand de l\u2019Universit\u00e9 de la Sarre pour r\u00e9compenser les th\u00e8ses en langue fran\u00e7aise portant, en tout ou partie, sur le droit allemand.<\/p>\n<p style=\"text-align: justify;\">L\u2019ambition du prix de th\u00e8se BIJUS est d\u2019accompagner le d\u00e9veloppement des \u00e9tudes compar\u00e9es franco-allemandes, et de perp\u00e9tuer la tradition d\u2019excellence de l\u2019Universit\u00e9 de la Sarre dans ce domaine.<\/p>\n<p style=\"text-align: justify;\">Nous sommes r\u00e9unis aujourd\u2019hui pour l\u2019attribution du premier prix de th\u00e8se BIJUS. L\u2019\u00e9v\u00e9nement \u00e9tant exceptionnel, nous avons d\u00e9cid\u00e9 de doubler notre plaisir.<\/p>\n<p style=\"text-align: justify;\">La qualit\u00e9 des travaux qui nous ont \u00e9t\u00e9 soumis ne nous a pas permis en effet de d\u00e9partager les deux th\u00e8ses qui nous ont paru les plus excellentes.<\/p>\n<p style=\"text-align: justify;\">Madame Anne JACQUEMET-GAUCHE a soutenu le 8 novembre 2010 une th\u00e8se intitul\u00e9e \u00ab\u00a0La responsabilit\u00e9 de la puissance publique en France et en Allemagne. \u00c9tude de droit compar\u00e9\u00a0\u00bb. Cette th\u00e8se a \u00e9t\u00e9 r\u00e9alis\u00e9e au sein de l\u2019Universit\u00e9 de Grenoble, sous la direction de Madame le professeur HAFIDA BELRHALI-BERNARD.<\/p>\n<p style=\"text-align: justify;\">La qualit\u00e9 de ce travail a permis \u00e0 Madame JACQUEMET-GAUCH\u00e9 d\u2019\u00eatre qualifi\u00e9e comme ma\u00eetre de conf\u00e9rences puis recrut\u00e9e au sein de la prestigieuse universit\u00e9 Panth\u00e9on-Assas (Paris II).<\/p>\n<p style=\"text-align: justify;\">Madame Aurore GAILLET a soutenu sa th\u00e8se \u00e0 l\u2019Universit\u00e9 de Strasbourg le 4 d\u00e9cembre 2010 sur le th\u00e8me\u00a0: \u00ab\u00a0L\u2019individu contre l\u2019\u00c9tat. Essai sur l\u2019\u00e9volution des recours de droit public dans l\u2019Allemagne du 19\u00e8me si\u00e8cle\u00a0\u00bb.<\/p>\n<p style=\"text-align: justify;\">Cette th\u00e8se a \u00e9t\u00e9 r\u00e9alis\u00e9e en cotutelle entre les Universit\u00e9s de Strasbourg et de Fribourg-en-Brisgau, sous la direction des professeurs Olivier JOUANJAN et Thomas W\u00dcRTENBERGER. Elle a \u00e9t\u00e9 publi\u00e9e depuis \u00e0 la LGDJ.<\/p>\n<p style=\"text-align: justify;\">Outre un prix de th\u00e8se de l\u2019Universit\u00e9 de Strasbourg, Madame GAILLET a d\u00e9j\u00e0 obtenu pour son travail le Prix de th\u00e8se 2011 de l\u2019Association Fran\u00e7aise pour la Recherche en Droit Administratif<\/p>\n<p style=\"text-align: justify;\">Madame GAILLET est devenue Ma\u00eetre de conf\u00e9rences en droit public \u00e0 l\u2019Universit\u00e9 de Strasbourg.<\/p>\n<p style=\"text-align: justify;\">Les deux travaux qui sont aujourd\u2019hui prim\u00e9s montrent la vitalit\u00e9 de la recherche compar\u00e9e, et l\u2019int\u00e9r\u00eat renouvel\u00e9 de la doctrine fran\u00e7aise pour le droit allemand.<\/p>\n<p style=\"text-align: justify;\">Par sa recherche, Madame <strong>JACQUEMET-GAUCH\u00e9<\/strong> a montr\u00e9 les \u00e9l\u00e9ments de convergence entre le droit fran\u00e7ais et le droit allemand en mati\u00e8re de responsabilit\u00e9 administrative. Droit d\u2019origine essentiellement jurisprudentielle (comme tout droit de la responsabilit\u00e9 nous semble-t-il), la responsabilit\u00e9 de la puissance publique a fait l\u2019objet d\u2019une extension constante depuis la fin du XIX\u00e8me si\u00e8cle, dans les domaines de l\u2019action administrative, juridictionnelle et l\u00e9gislative.<\/p>\n<p style=\"text-align: justify;\">Mais Madame JACQUEMET-GAUCH\u00e9 a mis en \u00e9vidence le fait que la responsabilit\u00e9 administrative r\u00e9pond \u00e0 deux fonctions diff\u00e9rentes\u00a0: la r\u00e9paration d\u2019un pr\u00e9judice en France et la protection des droits en Allemagne.<\/p>\n<p style=\"text-align: justify;\"><strong>Madame GAILLET<\/strong> plonge son \u00e9tude au c\u0153ur du XIX\u00e8me si\u00e8cle, afin de montrer comment a \u00e9t\u00e9 \u00e9labor\u00e9e la th\u00e9orie des droits publics subjectifs. La Constitution de Francfort du 28 mars 1849, sujet qui nous r\u00e9unira cet apr\u00e8s-midi et demain, est au c\u0153ur de l\u2019\u00e9tude de Madame GAILLET. Cette derni\u00e8re montre comment, malgr\u00e9 son \u00e9chec, la constitution de Francfort a irrigu\u00e9 le droit public allemand, et les constitutions qui vont suivre. La Constitution de Francfort constitue la fin d\u2019une lente gestation qui ouvrira la voie \u00e0 une fondation des grandes th\u00e9ories structurantes du droit public allemand.<\/p>\n<p style=\"text-align: justify;\">Devant l\u2019excellence de ces travaux, le d\u00e9partage n\u2019\u00e9tait pas possible.<\/p>\n<p style=\"text-align: justify;\">C\u2019est pourquoi le jury du prix de th\u00e8se BIJUS a d\u00e9cid\u00e9 de d\u00e9cerner deux premiers prix ex-aequo.<\/p>\n<p style=\"text-align: justify;\"><span style=\"text-decoration: underline;\">Le jury \u00e9tait ainsi compos\u00e9\u00a0: <\/span><\/p>\n<p style=\"text-align: justify;\">Prof. Dr. Jean-S\u00e9bastien Borghetti, Universit\u00e9 Panth\u00e9on-Assas (Paris II)<\/p>\n<p style=\"text-align: justify;\">Prof. Dr. Philippe Cossalter, Universit\u00e4t des Saarlandes<\/p>\n<p style=\"text-align: justify;\">Prof. Dr. Christoph Gr\u00f6pl, Universit\u00e4t des Saarlandes<\/p>\n<p style=\"text-align: justify;\">Prof. Dr. Annette Guckelberger, Universit\u00e4t des Saarlandes<\/p>\n<p style=\"text-align: justify;\">Prof. Dr. Dr. h.c. Heike Jung, Universit\u00e4t des Saarlandes<\/p>\n<p style=\"text-align: justify;\">Prof. Dr. Jocelyne Leblois-Happe, Universit\u00e9 de Strasbourg<\/p>\n<p style=\"text-align: justify;\">Prof. Dr. Hughes Rabault, Universit\u00e9 de Lorraine<\/p>\n<p style=\"text-align: justify;\">Prof. Dr. Dr. h.c. Claude Witz, Universit\u00e4t des Saarlandes<\/p>\n<p style=\"text-align: justify;\"><span style=\"text-decoration: underline;\">Ont \u00e9t\u00e9 rapporteurs : <\/span><\/p>\n<p style=\"text-align: justify;\">&#8211; Sur la th\u00e8se de Madame Aurore Gaillet : Hughes Rabault et Christoph Gr\u00f6pl<\/p>\n<p style=\"text-align: justify;\">&#8211; Sur la th\u00e8se de Madame Jacquemet-Gauchet\u00a0: Anette Guckelberger et Philippe Cossalter<\/p>\n<p style=\"text-align: justify;\">Je tiens \u00e0 rappeler que le prix de th\u00e8se BIJUS b\u00e9n\u00e9ficie du soutien mat\u00e9riel de la soci\u00e9t\u00e9 Thomson-Reuters TRANSACTIVE, soci\u00e9t\u00e9 d\u2019\u00e9ditions juridiques, notamment connue \u00e0 travers son produit Le Doctrinal.<\/p>\n<p>&nbsp;<\/p>\n<p><a href=\"http:\/\/www.bijus.eu\/files\/logo_transactive.jpg\"><img loading=\"lazy\" decoding=\"async\" class=\"size-full wp-image-8414 aligncenter\" title=\"logo_transactive\" src=\"http:\/\/www.bijus.eu\/files\/logo_transactive.jpg\" alt=\"\" width=\"265\" height=\"90\" \/><\/a><\/p>\n<p>&nbsp;<\/p>\n<p align=\"center\">*\u00a0\u00a0 *\u00a0\u00a0 *<\/p>\n<p style=\"text-align: justify;\">Madame Aurora GAILLET, j\u2019ai le plaisir de vous d\u00e9cerner le premier prix de th\u00e8se BIJUS du Centre juridique franco-allemand.<\/p>\n<p style=\"text-align: justify;\">Madame Anne JACQUEMET-GAUCH\u00e9, j\u2019ai le plaisir de vous d\u00e9cerner le premier prix de th\u00e8se BIJUS du Centre juridique franco-allemand.<\/p>\n<div style=\"width: 410px\" class=\"wp-caption alignnone\"><a href=\"http:\/\/www.bijus.eu\/files\/remise_prixbijus2012.jpg\"><img loading=\"lazy\" decoding=\"async\" title=\"remise_prixbijus2012\" src=\"http:\/\/www.bijus.eu\/files\/remise_prixbijus2012.jpg\" alt=\"Prix de Th\u00e8se BIJUS 2012\" width=\"400\" height=\"267\" \/><\/a><p class=\"wp-caption-text\">Aurore Gaillet et Anne Jacquemet-Gauch\u00e9 se voient remettre le 1er prix de th\u00e8se BIJUS du Centre juridique franco-allemand. Le professeur St\u00e9phane Pierr\u00e9-Caps ouvrira le colloque consacr\u00e9 \u00e0 la Constitution de Saint-Paul quelques instants plus tard<\/p><\/div>\n","protected":false},"excerpt":{"rendered":"<p>Le 11 octobre 2012 \u00e0 l&rsquo;Universit\u00e9 de la Sarre a \u00e9t\u00e9 d\u00e9livr\u00e9 le premi\u00e8re prix de th\u00e8se BIJUS. Le 1er prix a \u00e9t\u00e9 attribu\u00e9 \u00e0 deux laur\u00e9ates : Madame Aurore GAILLET pour sa th\u00e8se sur : \u00ab\u00a0L\u2019individu contre l\u2019\u00c9tat. Essai sur l\u2019\u00e9volution des recours de droit public dans l\u2019Allemagne du 19\u00e8me si\u00e8cle\u00a0\u00bb Madame Anne JACQUEMET-GAUCHE pour sa th\u00e8se intitul\u00e9e : \u00a0\u00ab\u00a0La responsabilit\u00e9 de la puissance publique en France et en Allemagne. \u00c9tude de droit compar\u00e9\u00a0\u00bb Voici le discours prononc\u00e9 par Monsieur le Professeur Christoph GR\u00d6PL, pr\u00e9sident du jury : Chers coll\u00e8gues, \u00a0Mesdames, Messieurs, Le prix de th\u00e8se BIJUS a \u00e9t\u00e9 cr\u00e9\u00e9 par le Centre juridique franco-allemand de l\u2019Universit\u00e9 de la Sarre pour r\u00e9compenser les th\u00e8ses en langue fran\u00e7aise portant, en tout ou partie, sur le droit allemand. L\u2019ambition du prix de th\u00e8se BIJUS est d\u2019accompagner le d\u00e9veloppement des \u00e9tudes compar\u00e9es franco-allemandes, et de perp\u00e9tuer la tradition d\u2019excellence de l\u2019Universit\u00e9 de [&hellip;]<\/p>\n","protected":false},"author":1,"featured_media":8425,"parent":8038,"menu_order":0,"comment_status":"open","ping_status":"open","template":"","meta":{"_et_pb_use_builder":"","_et_pb_old_content":"","footnotes":""},"class_list":["post-8408","page","type-page","status-publish","has-post-thumbnail","hentry"],"_links":{"self":[{"href":"https:\/\/www.bijus.eu\/index.php?rest_route=\/wp\/v2\/pages\/8408","targetHints":{"allow":["GET"]}}],"collection":[{"href":"https:\/\/www.bijus.eu\/index.php?rest_route=\/wp\/v2\/pages"}],"about":[{"href":"https:\/\/www.bijus.eu\/index.php?rest_route=\/wp\/v2\/types\/page"}],"author":[{"embeddable":true,"href":"https:\/\/www.bijus.eu\/index.php?rest_route=\/wp\/v2\/users\/1"}],"replies":[{"embeddable":true,"href":"https:\/\/www.bijus.eu\/index.php?rest_route=%2Fwp%2Fv2%2Fcomments&post=8408"}],"version-history":[{"count":0,"href":"https:\/\/www.bijus.eu\/index.php?rest_route=\/wp\/v2\/pages\/8408\/revisions"}],"up":[{"embeddable":true,"href":"https:\/\/www.bijus.eu\/index.php?rest_route=\/wp\/v2\/pages\/8038"}],"wp:featuredmedia":[{"embeddable":true,"href":"https:\/\/www.bijus.eu\/index.php?rest_route=\/wp\/v2\/media\/8425"}],"wp:attachment":[{"href":"https:\/\/www.bijus.eu\/index.php?rest_route=%2Fwp%2Fv2%2Fmedia&parent=8408"}],"curies":[{"name":"wp","href":"https:\/\/api.w.org\/{rel}","templated":true}]}}