{"id":8314,"date":"2013-11-18T17:29:24","date_gmt":"2012-06-24T13:47:08","guid":{"rendered":"http:\/\/www.bijus.eu\/?page_id=8314"},"modified":"2014-09-17T22:39:55","modified_gmt":"2014-09-17T22:39:55","slug":"mentions-legales-impressum","status":"publish","type":"page","link":"https:\/\/www.bijus.eu\/?page_id=8314","title":{"rendered":"Mentions l\u00e9gales"},"content":{"rendered":"<p style=\"text-align: left;\">BIJUS.<\/p>\n<p style=\"text-align: left;\">Site Internet \u00e9dit\u00e9 par la Chaire de droit public fran\u00e7ais de l&rsquo;Univsersit\u00e9 de la Sarre.<\/p>\n<p style=\"text-align: left;\" align=\"right\">Universit\u00e4t des Saarlandes &#8211; Campus A5.4, rez-de-chauss\u00e9e &#8211; D \u2013 66123 Saarbr\u00fccken &#8211; ALLEMAGNE<\/p>\n<p style=\"text-align: left;\" align=\"right\">redaction@revuegeneraledudroit.eu<\/p>\n<p style=\"text-align: left;\" align=\"right\">T: +49 (0) 681 302-2185<\/p>\n<p style=\"text-align: left;\">F: +49 (0) 681 302-4668<\/p>\n<p style=\"text-align: left;\">Directeur de la publication : Philippe Cossalter<\/p>\n<p style=\"text-align: left;\">\n","protected":false},"excerpt":{"rendered":"<p>BIJUS. Site Internet \u00e9dit\u00e9 par la Chaire de droit public fran\u00e7ais de l&rsquo;Univsersit\u00e9 de la Sarre. Universit\u00e4t des Saarlandes &#8211; Campus A5.4, rez-de-chauss\u00e9e &#8211; D \u2013 66123 Saarbr\u00fccken &#8211; ALLEMAGNE redaction@revuegeneraledudroit.eu T: +49 (0) 681 302-2185 F: +49 (0) 681 302-4668 Directeur de la publication : Philippe Cossalter<\/p>\n","protected":false},"author":1,"featured_media":0,"parent":0,"menu_order":10,"comment_status":"open","ping_status":"open","template":"","meta":{"_et_pb_use_builder":"","_et_pb_old_content":"","footnotes":""},"class_list":["post-8314","page","type-page","status-publish","hentry"],"_links":{"self":[{"href":"https:\/\/www.bijus.eu\/index.php?rest_route=\/wp\/v2\/pages\/8314","targetHints":{"allow":["GET"]}}],"collection":[{"href":"https:\/\/www.bijus.eu\/index.php?rest_route=\/wp\/v2\/pages"}],"about":[{"href":"https:\/\/www.bijus.eu\/index.php?rest_route=\/wp\/v2\/types\/page"}],"author":[{"embeddable":true,"href":"https:\/\/www.bijus.eu\/index.php?rest_route=\/wp\/v2\/users\/1"}],"replies":[{"embeddable":true,"href":"https:\/\/www.bijus.eu\/index.php?rest_route=%2Fwp%2Fv2%2Fcomments&post=8314"}],"version-history":[{"count":0,"href":"https:\/\/www.bijus.eu\/index.php?rest_route=\/wp\/v2\/pages\/8314\/revisions"}],"wp:attachment":[{"href":"https:\/\/www.bijus.eu\/index.php?rest_route=%2Fwp%2Fv2%2Fmedia&parent=8314"}],"curies":[{"name":"wp","href":"https:\/\/api.w.org\/{rel}","templated":true}]}}