{"id":8099,"date":"2013-11-18T18:01:16","date_gmt":"2012-05-22T16:30:04","guid":{"rendered":"http:\/\/www.bijus.eu\/?page_id=8099"},"modified":"2016-01-16T10:24:31","modified_gmt":"2016-01-16T10:24:31","slug":"was-ist-bijus-quest-ce-que-bijus","status":"publish","type":"page","link":"https:\/\/www.bijus.eu\/?page_id=8099","title":{"rendered":"Qu&rsquo;est-ce que BIJUS ?"},"content":{"rendered":"<p><img loading=\"lazy\" decoding=\"async\" class=\"size-medium wp-image-10547 alignleft\" src=\"http:\/\/www.bijus.eu\/files\/cjfa-300x300.jpg\" alt=\"cjfa\" width=\"300\" height=\"300\" srcset=\"https:\/\/www.bijus.eu\/files\/cjfa-300x300.jpg 300w, https:\/\/www.bijus.eu\/files\/cjfa-120x120.jpg 120w, https:\/\/www.bijus.eu\/files\/cjfa-768x768.jpg 768w, https:\/\/www.bijus.eu\/files\/cjfa.jpg 800w\" sizes=\"auto, (max-width: 300px) 100vw, 300px\" \/>BIJUS est un service du Centre juridique franco-allemand, g\u00e9r\u00e9 par la Chaire de droit public fran\u00e7ais de l&rsquo;Universit\u00e9 de la Sarre dirig\u00e9e par le professeur Philippe Cossalter.<\/p>\n<p><b>BIJUS<\/b>\u00a0a pour but de promouvoir et de faciliter la communication entre juristes allemands et fran\u00e7ais.<\/p>\n<p>Fond\u00e9 il y a vingt ans par le professeur Autexier, BIJUS se divise en deux sections linguistiques :<\/p>\n<ul>\n<li>D-BIJUS r\u00e9unit les informations en langue fran\u00e7aise et anglaise sur le droit allemand.<\/li>\n<li>F-BIJUS r\u00e9unit les informations en langue allemande et anglaise sur le droit fran\u00e7ais.<\/li>\n<\/ul>\n<p>Sont rassembl\u00e9s ici:<\/p>\n<p>&#8211; Bijus Biblio: un r\u00e9f\u00e9rencements en ligne de plus de 8000\u00a0r\u00e9f\u00e9rences bibliographiques dans la langue de chaque pays sur le syst\u00e8me juridique du pays partenaire.<\/p>\n<p>&#8211; Bijus Norm:\u00a0signalement des traductions existantes des r\u00e8gles de droit de chaque pays dans la langue du pays partenaire et reproduction en ligne des principales d&rsquo;entre elles.<\/p>\n<p>&#8211; Bijus Info: publication r\u00e9guli\u00e8re d&rsquo;articles, commentaires, analyses ou simplement notes \u00a0dans la langue de chaque pays concernant les \u00e9volutions r\u00e9centes du syst\u00e8me juridique du pays partenaire.<\/p>\n<p>&#8211; Bijus Doc: publication en ligne d&rsquo;oeuvres doctrinales de toute nature (articles, m\u00e9moires et th\u00e8ses, livres anciens et modernes) ayant en commun de porter une analyse de droit compar\u00e9 franco-allemand, ou simplement de pr\u00e9senter le syst\u00e8me juridique de chacun des pays dans l&rsquo;autre langue.<\/p>\n<p>&nbsp;<\/p>\n","protected":false},"excerpt":{"rendered":"<p>BIJUS est un service du Centre juridique franco-allemand, g\u00e9r\u00e9 par la Chaire de droit public fran\u00e7ais de l&rsquo;Universit\u00e9 de la Sarre dirig\u00e9e par le professeur Philippe Cossalter. BIJUS\u00a0a pour but de promouvoir et de faciliter la communication entre juristes allemands et fran\u00e7ais. Fond\u00e9 il y a vingt ans par le professeur Autexier, BIJUS se divise en deux sections linguistiques : D-BIJUS r\u00e9unit les informations en langue fran\u00e7aise et anglaise sur le droit allemand. F-BIJUS r\u00e9unit les informations en langue allemande et anglaise sur le droit fran\u00e7ais. Sont rassembl\u00e9s ici: &#8211; Bijus Biblio: un r\u00e9f\u00e9rencements en ligne de plus de 8000\u00a0r\u00e9f\u00e9rences bibliographiques dans la langue de chaque pays sur le syst\u00e8me juridique du pays partenaire. &#8211; Bijus Norm:\u00a0signalement des traductions existantes des r\u00e8gles de droit de chaque pays dans la langue du pays partenaire et reproduction en ligne des principales d&rsquo;entre elles. &#8211; Bijus Info: publication r\u00e9guli\u00e8re d&rsquo;articles, commentaires, analyses ou [&hellip;]<\/p>\n","protected":false},"author":1,"featured_media":0,"parent":0,"menu_order":0,"comment_status":"open","ping_status":"open","template":"","meta":{"_et_pb_use_builder":"","_et_pb_old_content":"","footnotes":""},"class_list":["post-8099","page","type-page","status-publish","hentry"],"_links":{"self":[{"href":"https:\/\/www.bijus.eu\/index.php?rest_route=\/wp\/v2\/pages\/8099","targetHints":{"allow":["GET"]}}],"collection":[{"href":"https:\/\/www.bijus.eu\/index.php?rest_route=\/wp\/v2\/pages"}],"about":[{"href":"https:\/\/www.bijus.eu\/index.php?rest_route=\/wp\/v2\/types\/page"}],"author":[{"embeddable":true,"href":"https:\/\/www.bijus.eu\/index.php?rest_route=\/wp\/v2\/users\/1"}],"replies":[{"embeddable":true,"href":"https:\/\/www.bijus.eu\/index.php?rest_route=%2Fwp%2Fv2%2Fcomments&post=8099"}],"version-history":[{"count":0,"href":"https:\/\/www.bijus.eu\/index.php?rest_route=\/wp\/v2\/pages\/8099\/revisions"}],"wp:attachment":[{"href":"https:\/\/www.bijus.eu\/index.php?rest_route=%2Fwp%2Fv2%2Fmedia&parent=8099"}],"curies":[{"name":"wp","href":"https:\/\/api.w.org\/{rel}","templated":true}]}}